te w(0).
5
Let a(l) = -1. Let d(y) be the first derivative of y**3/3 - 2*y**2 + 8*y - 4. Let b(i) = 3*a(i) + d(i). Let g be (6/5)/((-6)/(-20)). Give b(g).
5
Let s(p) = 2*p**3 + 3*p**2 + 3*p. Suppose 14*r - 6*r + 16 = 0. Give s(r).
-10
Let z(m) = -1 - 5*m**2 - 5 + 6 - 1. Determine z(1).
-6
Let r(l) = l**2 + 2*l + 4. Let v be r(-3). Suppose -4*g - 5 = v. Let w(n) = -n**3 - 4*n**2 + 0*n**3 - 6 - 5*n + 2. Give w(g).
2
Let d(w) = 2*w + 28. Let k be d(-17). Let l(v) = v**3 + 5*v**2 - 7*v + 1. What is l(k)?
7
Let s = 3 + -8. Let h(b) = -10*b - 1. Let d(t) = -7*t - 1. Let j(p) = -7*d(p) + 5*h(p). Calculate j(s).
7
Let i(w) be the second derivative of w**5/20 + w**4/6 - w**3/2 + w**2/2 + 24*w. Calculate i(-3).
1
Let h be (-1)/6 - (-40)/(-48). Let r(n) = n**3 + 2*n**2 - 1. Calculate r(h).
0
Suppose -v = -5*o + 5, -2*o + 2 = -4*v + 3*v. Suppose v = 2*q - 4*q. Let y(w) = -2*w - w - 2 + 0*w + 2*w - w**2. Calculate y(q).
-2
Let g = -2 - -6. Let q(o) be the second derivative of -3*o**2 + 3*o + 2/3*o**3 + 0. Give q(g).
10
Suppose -3*a - 5 = -4*a. Let i(q) = -3*q - a - 6*q**2 + 2*q**2 + q**3 + q**2. Determine i(4).
-1
Let z(c) be the third derivative of -c**5/60 + c**3/6 + c**2. Let q = 317 - 317. Calculate z(q).
1
Let a = -6 + 8. Let b(d) = -d**a + d - d - 1 + 5. What is b(0)?
4
Let o(z) = -z**2 + z + 2. Suppose 3*j + 10 = -i, 4*i + 20 = -3*j + j. Let a be o(j). Let m(w) = w**2 + 5*w - 3. Calculate m(a).
-7
Let r be (15/(-3))/(-1 - 0). Let n be (r/15)/((-1)/12). Let t(d) = -d**3 - 5*d**2 - 4*d - 2. Calculate t(n).
-2
Let g(v) = -v**2 + 4. Let c be g(0). Let o(z) = 0 - 5 + c - 5*z. Let p = -9 - -8. Calculate o(p).
4
Let s(i) be the third derivative of 0*i + 1/60*i**5 - 3*i**2 + 0 + 0*i**4 + 0*i**3. Suppose -b = -5*b + 12. Determine s(b).
9
Let z = 69 + -74. Let u(v) = -v**3 - 3*v**2 + 4*v - 3. Give u(z).
27
Let j be ((-4)/(-10))/((-2)/10). Let r = 0 + j. Let q(o) = -o**2 + o. Let a(n) = -7*n**2 + 5*n + 1. Let c(i) = -a(i) + 6*q(i). Calculate c(r).
1
Let i(q) = -2 + q**3 - 1 - 4*q**2 - 2*q**2 + 7*q. Suppose 2*v + 1 = 11. Determine i(v).
7
Let t(j) = -12*j**3 - j**2 + 1. Let f be t(1). Let g = -21 - f. Let c(y) = y**3 + 10*y**2 + 9*y - 3. Let a be c(g). Let x(q) = -2*q. Determine x(a).
6
Let x(y) = y**3 - 2*y**3 + 4*y - 2 + 4*y**2 - 8*y**2. What is x(-5)?
3
Let v(o) = 2*o + 3. Suppose -z + 2*a - 40 = -6*z, 4*z = -a + 29. Let n be (-60)/(-18) - 2/z. Calculate v(n).
9
Let q(t) = 2*t - 9. Suppose -2*s = -3*a + a - 6, -31 = 5*a - s. Determine q(a).
-23
Let u(x) = -6*x + 4. Suppose 0 = -i - 3. Let z(l) = 13*l - 9. Let t(v) = i*z(v) - 7*u(v). Suppose 5*d + 2 = 7. Give t(d).
2
Let c(m) = 6*m - 2*m + m. Let f(u) = -u**2 + 5*u + 7. Let d(j) = -j**3 - 5*j**2 - 6*j - 2. Let v be d(-4). Let w be f(v). What is c(w)?
5
Let a(s) = -s - 1. Let w(q) = q**2 - 2*q - 2. Let p(f) = 3*a(f) - 2*w(f). Let j = -207 - -206. Determine p(j).
-2
Let g(j) = -j**2 + 4*j**2 + 3*j**3 - 4*j**2 - 2 - 4*j**3 - j. Give g(0).
-2
Let t = -92 + 94. Let v(o) be the third derivative of 0 + 0*o - 1/12*o**4 + t*o**2 - 1/6*o**3. What is v(4)?
-9
Let c(a) = 2*a - 1 - 4*a + 3*a - a**2 + 4*a**3. What is c(1)?
3
Let k be (-2)/(-1) - (2 + -3). Let u(m) = m + 7 + 2 + m**2 - 2*m + k. Determine u(0).
12
Let w be 2/(-9) + 25/(-9). Let v(m) = 3*m + 1. Let f(s) = -4*s - 1. Let x(n) = w*v(n) - 2*f(n). Determine x(5).
-6
Let h(f) = 7*f + 6. Let x(g) = -3*g**3 - 2*g**2 + 5*g - 4. Let k be x(1). What is h(k)?
-22
Suppose -24 = 2*f - 2*w, -34 + 5 = 2*f + 3*w. Let l = -10 - f. Let t(y) = -y**3 + 3*y**2 - 5*y + 2. Give t(l).
-13
Let h(c) be the third derivative of c**4/24 - c**3/3 - 14*c**2. Let y be 1/1 + 1 + 2. Give h(y).
2
Suppose 3*n = -l - 6 - 4, 10 = -2*n. Suppose -6*c + 5 = -l*c. Let r(d) = d + d**3 - 5*d**2 + c*d**2 - 2*d**2. Determine r(2).
2
Let r(j) be the first derivative of -j**4/8 - j**3/3 - 2*j**2 - 6. Let i(n) be the second derivative of r(n). Give i(2).
-8
Let n(r) = r - 4. Suppose 2*f + 5*v = 2, -2*f = -0*f - 3*v - 18. Suppose -f*w - 4 = -2*w. Let a = 5 + w. Calculate n(a).
0
Let q(o) be the first derivative of 3 - 1/4*o**4 + 5/3*o**3 + 4*o + 0*o**2. Determine q(5).
4
Suppose 3*a = 1 + 2. Suppose 4*o - 3 - a = 0. Let f(y) = -1 + o + 1 - y. Calculate f(1).
0
Let n(b) be the second derivative of -b**3/6 + 13*b**2/2 - 42*b. Determine n(7).
6
Let y(a) = -13*a - 1. Let f(w) = 38*w + 3. Let c(l) = -4*f(l) - 11*y(l). Suppose -5*x = -3*n - 4 - 4, -4*x = 3*n - 1. Give c(n).
8
Let r(l) be the first derivative of -l**4/4 - 7*l**3/3 - 3*l**2/2 - 4*l + 18. Determine r(-6).
-22
Let z(y) = y**3 - 6*y**2 + 5*y + 6. Let l = -8 - -13. Calculate z(l).
6
Suppose 2 = 4*d - 10. Let f(m) = 3*m - m**2 + 3*m**3 + 4*m**d - 6*m**3 - 1 - 2*m**3. Determine f(-3).
8
Suppose 0 = -3*b + 5*w + 30, 3 = 5*b - 2*b + 4*w. Let h(p) = p**3 - 4*p**2 - 5*p - 3. What is h(b)?
-3
Suppose 2*s + 2*n = 0, 0 = 5*s + 3*n + 1 - 9. Suppose -17 = s*w - 5. Let c(m) = m**3 + 4*m**2 + 3*m + 3. Give c(w).
3
Let n be (5 - 7)*14/(-4). Let a(m) = -m - 1. What is a(n)?
-8
Let u(k) = -4*k**2 - 4*k + 19. Let c(y) = -3*y**2 - 3*y + 13. Let s(h) = -7*c(h) + 5*u(h). Calculate s(0).
4
Let z(y) = y**2 - 6*y + 1. Suppose l = 5*v, 0 = -l + 4*l. Let x = v + 4. What is z(x)?
-7
Let y be ((-4)/(-5))/((-4)/(-30)). Let v be y/15*(-50)/(-1). Suppose 0*w + w - 2*j = -12, 0 = 2*w - 3*j + v. Let x(o) = -2*o - 2. Determine x(w).
6
Let s(v) = 5*v + 5. Let m(q) = -6*q - 5. Let w(z) = -4*m(z) - 5*s(z). What is w(4)?
-9
Let m(q) = q**3 - 2*q**2 + 2*q - 2. Let k be m(2). Let o(y) = -y**2 + 2*y + 1. Let t be o(k). Let h(d) = -6*d**3 - d**2 + 1. Determine h(t).
-6
Suppose c = 3*c - 4. Let t(h) = 6*h**2 + h - 5*h**c + 0*h. Give t(-1).
0
Let a = -144 + 145. Let m(d) = -d**3 - 3*d**2 - d + 2. Let h(o) = -1 - 1 + 2*o**2 + 2*o**3 + 1. Let g(l) = -3*h(l) - 2*m(l). Determine g(a).
-3
Let n be 3 - (0 - 2 - -3). Let a(c) = n*c + 1 + 1 + 0*c - 3. What is a(3)?
5
Let v = -4 - -7. Let k(c) = v + 0 - 2 + 5*c. Determine k(-1).
-4
Let q = -7 - -3. Let l(g) = 2*g + 1. Determine l(q).
-7
Let w be ((-2)/(-6))/((-1)/(-9)). Let u(q) = -8*q - 3*q**w + 15*q**3 + 9*q - q**2. What is u(1)?
12
Let d(x) = -x - 7. Let t be d(-9). Let u be 1 - (t/(-1))/2. Suppose -4*w = -3*g - 0*w - u, 3*g - 2*w = -4. Let o(h) = -h**2 + 1. Calculate o(g).
-3
Suppose -4*l - z = -39, z - 17 = -2*l - 0. Let w(f) = l*f**2 - f - 3*f + 3 - 8*f**2. Let n = 3 + -1. Give w(n).
7
Let z be (-10)/25 + 4/10. Suppose -3*j + 20 - 11 = z. Let b(a) = a**3 - 5*a**2 + 4*a - 1. Determine b(j).
-7
Let p = -45 + 65. Suppose -15 = -5*d - 5*r, -3*d + p + 1 = -3*r. Let f(m) = m**2 - 4*m - 2. Determine f(d).
3
Let s(u) = -3*u + 1. Let m = -8 - 12. Let q be (-1*2)/(m/(-30)). What is s(q)?
10
Let z(x) = x**2 - 2*x - 10. Let s(i) = 9*i + 7*i**2 + 41 - 6*i**2 - 6*i**2. Let g(o) = -2*s(o) - 9*z(o). Calculate g(0).
8
Suppose -8 = 2*b - 4*b. Suppose -18 = -b*r + 4*h - 2*h, r = 2*h. Let v(j) = j**3 - 5*j**2 - 8*j + 5. Determine v(r).
-7
Let s(i) = 4*i + i**2 + 2 - 14*i**2 + 6*i**2 + 8*i**2. What is s(-4)?
2
Suppose -2*m + 1 = -3*m. Let i = m - -5. Let j(b) = -b**2 + 4*b - 4. Determine j(i).
-4
Let b(l) = -l**3 + 8*l**2 - 5*l - 4. Suppose -9 = -3*p, 13*p = y + 15*p - 13. Calculate b(y).
10
Suppose -3*f - 5*l + 28 = 0, 4*l = -3*f + 1 + 25. Suppose -3*u + 10 = -5*v, -5*u + 0 = -3*v - f. Let s(o) = -6 + o + 0*o + 4. What is s(u)?
-2
Let a(g) = -g + 4. Let q be 2*-2*(-20)/(-16). What is a(q)?
9
Let y(p) = 2*p - 1. Let w be (-2 + (4 - 1))*4. Calculate y(w).
7
Let m(n) = -n - 3. Let i = -1 - -5. Let g = 5 - i. Let z(p) = -4*p**2 - p + 1. Let s be z(g). What is m(s)?
1
Let j(f) = 6*f**2 + 2*f + 1. Suppose -4*b - 11 = -5*p + 7, 4*p = -4*b. Let n be (-1)/(1 + 2 + b). Give j(n).
5
Let y(t) = 3*t - 1. Suppose -24*d + 20*d = 4. What is y(d)?
-4
Let x(m) = m**3 + 11*m**2 + 11*m + 13. Let g be x(-10). Suppose 0 = w - g*w - 6. Let o(r) = -r**2 - 3*r + 4. Calculate o(w).
4
Let s(h) be the first derivative of -h**3/3 + h**2/2 - 2*h + 2. What is s(-2)?
-8
Let s(k) = -k**2 - k - 1. Let w(q) = -7*q**2 - 23*q - 25. Let n(g) = -4*g**2 - 12*g - 13. Let l(c) = -5*n(c) + 3*w(c). Let v be l(-8). What is s(v)?
-3
Let h(w) be the third derivative of 0*w + 0 - 1/60*w**5 + 5/24*w**4 + 0*w**3 - 6*w**2. Give h(4).
4
Let k = 31 - 25. Let l(u) = u**2 - 7*u + 4. Determine l(k).
-2
Suppose u = -0 +